{"id":328,"date":"2019-09-16T06:04:02","date_gmt":"2019-09-16T06:04:02","guid":{"rendered":"http:\/\/localhost:8080\/abctots\/?page_id=328"},"modified":"2026-03-03T09:44:28","modified_gmt":"2026-03-03T09:44:28","slug":"team","status":"publish","type":"page","link":"https:\/\/www.minikulupcocukevi.com\/web\/team\/","title":{"rendered":"Videolar\u0131m\u0131z"},"content":{"rendered":"<div class=\"wpb-content-wrapper\"><p>[vc_row full_width=\u201dstretch_row_content_no_spaces\u201d css=\u201d.vc_custom_1568613933439{padding-bottom: 120px !important;}\u201d klb_responsive=\u201d.vc_custom_1568613933440{padding-bottom: 40px !important;}\u201d][vc_column]<div class=\"jumbotron jumbotron-fluid\" style=background-image:url(https:\/\/www.minikulupcocukevi.com\/web\/wp-content\/uploads\/2021\/03\/Banner-Video-scaled.jpg)><div class=\"container\" ><div class=\"jumbo-heading\" data-aos=\"fade-down\"><h1>Videolar\u0131m\u0131z<\/h1><\/div><\/div><\/div>[\/vc_column][\/vc_row][vc_row css=\u201d.vc_custom_1567416446157{padding-bottom: 90px !important;}\u201d klb_responsive=\u201d.vc_custom_1567416446158{padding-bottom: 40px !important;}\u201d][vc_column width=\u201d1\/2\u2033][vc_video link=\u201dhttps:\/\/youtu.be\/3q700EqObkE\u201d][vc_empty_space height=\u201d15\u2033][vc_column_text]<\/p>\n<h6 class=\"style-scope ytd-watch-metadata\" style=\"text-align: center;\">Kukla Tiyatrosu Severler Ekibi<\/h6>\n<p>[\/vc_column_text][\/vc_column][vc_column width=\u201d1\/2\u2033][vc_video link=\u201dhttps:\/\/youtu.be\/CqPqqMdUX-o\u201d][vc_empty_space height=\u201d15\u2033][vc_column_text]<\/p>\n<h6 class=\"style-scope ytd-watch-metadata\" style=\"text-align: center;\">I\u0307lkokula Haz\u0131rl\u0131kgiller \u201cSerbest Resim\u201d sergisi<\/h6>\n<p>[\/vc_column_text][\/vc_column][\/vc_row][vc_row css=\u201d.vc_custom_1567416446157{padding-bottom: 90px !important;}\u201d klb_responsive=\u201d.vc_custom_1567416446158{padding-bottom: 40px !important;}\u201d][vc_column width=\u201d1\/2\u2033][vc_video link=\u201dhttps:\/\/youtu.be\/tENPbhQjzII\u201d][vc_empty_space height=\u201d15\u2033][vc_column_text]<\/p>\n<h6 class=\"style-scope ytd-watch-metadata\" style=\"text-align: center;\">Yaz\u0131n Vazge\u00e7ilmezi \u201cKarpuz\u201d Partisi \ud83e\udd17<\/h6>\n<p>[\/vc_column_text][\/vc_column][vc_column width=\u201d1\/2\u2033][vc_video link=\u201dhttps:\/\/youtu.be\/QtwveHW18aA\u201d][vc_empty_space height=\u201d15\u2033][vc_column_text]<\/p>\n<h6 class=\"style-scope ytd-watch-metadata\" style=\"text-align: center;\">Yaz Okulunun Vazge\u00e7ilmezi \u201cSu Oyunlar\u0131\u201d<\/h6>\n<p>[\/vc_column_text][\/vc_column][\/vc_row][vc_row css=\u201d.vc_custom_1567416446157{padding-bottom: 90px !important;}\u201d klb_responsive=\u201d.vc_custom_1567416446158{padding-bottom: 40px !important;}\u201d][vc_column width=\u201d1\/2\u2033][vc_video link=\u201dhttps:\/\/youtu.be\/pHqDjIoIPjY\u201d][vc_empty_space height=\u201d15\u2033][vc_column_text]<\/p>\n<h6 style=\"text-align: center;\">D\u00f6rt Element; \u201cSU\u201d<\/h6>\n<p>[\/vc_column_text][\/vc_column][vc_column width=\u201d1\/2\u2033][vc_video link=\u201dhttps:\/\/youtu.be\/PX6IwLnCFTY\u201d][vc_empty_space height=\u201d15\u2033][vc_column_text]<\/p>\n<h6 style=\"text-align: center;\">\u201cEmpecemos el dia con musica\u201d<\/h6>\n<p>[\/vc_column_text][\/vc_column][\/vc_row][vc_row css=\u201d.vc_custom_1567416446157{padding-bottom: 90px !important;}\u201d klb_responsive=\u201d.vc_custom_1567416446158{padding-bottom: 40px !important;}\u201d][vc_column width=\u201d1\/2\u2033][vc_video link=\u201dhttps:\/\/youtu.be\/sp0JJtMF52s\u201d][vc_empty_space height=\u201d15\u2033][vc_column_text]<\/p>\n<h6 style=\"text-align: center;\">\u201cCreative Craft\u201d Bizde S\u0131kl\u0131kla Yap\u0131l\u0131r\u2026<\/h6>\n<p>[\/vc_column_text][\/vc_column][vc_column width=\u201d1\/2\u2033][vc_video link=\u201dhttps:\/\/youtu.be\/KFZJHFRqTeE\u201d][vc_empty_space height=\u201d15\u2033][vc_column_text]<\/p>\n<h6 style=\"text-align: center;\">Orman\u0131n \u00d6\u011fretileri Bitmez\u2026<\/h6>\n<p>[\/vc_column_text][\/vc_column][\/vc_row][vc_row css=\u201d.vc_custom_1567416446157{padding-bottom: 90px !important;}\u201d klb_responsive=\u201d.vc_custom_1567416446158{padding-bottom: 40px !important;}\u201d][vc_column width=\u201d1\/2\u2033][vc_video link=\u201dhttps:\/\/youtu.be\/jPqbUQSPRCA\u201d][vc_empty_space height=\u201d15\u2033][vc_column_text]<\/p>\n<h6 style=\"text-align: center;\">Her Zaman E\u011flenecek Bir \u015eeyler Vard\u0131r\u2026<\/h6>\n<p>[\/vc_column_text][\/vc_column][vc_column width=\u201d1\/2\u2033][vc_video link=\u201dhttps:\/\/youtu.be\/zsEnynhwHPc\u201d][vc_empty_space height=\u201d15\u2033][vc_column_text]<\/p>\n<h6 style=\"text-align: center;\">Ki\u015fisel Tasar\u0131m At\u00f6lyesi\u2026<\/h6>\n<p>[\/vc_column_text][\/vc_column][\/vc_row][vc_row css=\u201d.vc_custom_1567416446157{padding-bottom: 90px !important;}\u201d klb_responsive=\u201d.vc_custom_1567416446158{padding-bottom: 40px !important;}\u201d][vc_column width=\u201d1\/2\u2033][vc_video link=\u201dhttps:\/\/youtu.be\/6XjydIvCWpM\u201d][vc_empty_space height=\u201d15\u2033][vc_column_text]<\/p>\n<h6 style=\"text-align: center;\">Yaz Okulunda Sulu Hareketler\u2026<\/h6>\n<p>[\/vc_column_text][\/vc_column][vc_column width=\u201d1\/2\u2033][vc_video link=\u201dhttps:\/\/youtu.be\/hiPEdOldjXM\u201d][vc_empty_space height=\u201d15\u2033][vc_column_text]<\/p>\n<h6 style=\"text-align: center;\">Orman G\u00fczelle\u015ftirir, Orman \u00d6zg\u00fcrle\u015ftirir\u2026<\/h6>\n<p>[\/vc_column_text][\/vc_column][\/vc_row][vc_row css=\u201d.vc_custom_1567416446157{padding-bottom: 90px !important;}\u201d klb_responsive=\u201d.vc_custom_1567416446158{padding-bottom: 40px !important;}\u201d][vc_column width=\u201d1\/2\u2033][vc_video link=\u201dhttps:\/\/youtu.be\/2A5nkDdXrhs\u201d][vc_empty_space height=\u201d15\u2033][vc_column_text]<\/p>\n<h6 class=\"style-scope ytd-watch-metadata\" style=\"text-align: center;\">Haftaya Kaplumba\u011fa ile Ba\u015flamayan da Yani \u2026<\/h6>\n<p>[\/vc_column_text][\/vc_column][vc_column width=\u201d1\/2\u2033][vc_video link=\u201dhttps:\/\/youtu.be\/eBuxlNL7vxA\u201d][vc_empty_space height=\u201d15\u2033][vc_column_text]<\/p>\n<h6 class=\"style-scope ytd-watch-metadata\" style=\"text-align: center;\">I\u0307s\u0327 Makinesi Cand\u0131r<\/h6>\n<p>[\/vc_column_text][\/vc_column][\/vc_row][vc_row css=\u201d.vc_custom_1567416446157{padding-bottom: 90px !important;}\u201d klb_responsive=\u201d.vc_custom_1567416446158{padding-bottom: 40px !important;}\u201d][vc_column width=\u201d1\/2\u2033][vc_video link=\u201dhttps:\/\/youtu.be\/OgDsB_0qJVI\u201d][vc_empty_space height=\u201d15\u2033][vc_column_text]<\/p>\n<div id=\"info\" class=\"style-scope ytd-watch-flexy\">\n<div id=\"info-contents\" class=\"style-scope ytd-watch-flexy\">\n<div id=\"container\" class=\"style-scope ytd-video-primary-info-renderer\">\n<h6 class=\"style-scope ytd-watch-metadata\" style=\"text-align: center;\">G\u00f6ky\u00fcz\u00fcnde Neler Var ?<\/h6>\n<\/div>\n<\/div>\n<\/div>\n<p>[\/vc_column_text][\/vc_column][vc_column width=\u201d1\/2\u2033][vc_video link=\u201dhttps:\/\/youtu.be\/PXKUFxEPg8g\u201d][vc_empty_space height=\u201d15\u2033][vc_column_text]<\/p>\n<div id=\"info\" class=\"style-scope ytd-watch-flexy\">\n<div id=\"info-contents\" class=\"style-scope ytd-watch-flexy\">\n<div id=\"container\" class=\"style-scope ytd-video-primary-info-renderer\">\n<h6 class=\"style-scope ytd-watch-metadata\" style=\"text-align: center;\">Ormanda Sohbet<\/h6>\n<\/div>\n<\/div>\n<\/div>\n<p>[\/vc_column_text][\/vc_column][\/vc_row][vc_row css=\u201d.vc_custom_1567416446157{padding-bottom: 90px !important;}\u201d klb_responsive=\u201d.vc_custom_1567416446158{padding-bottom: 40px !important;}\u201d][vc_column width=\u201d1\/2\u2033][vc_video link=\u201dhttps:\/\/youtu.be\/rhQjMl0V1tg\u201d][vc_empty_space height=\u201d15\u2033][vc_column_text]<\/p>\n<div id=\"info\" class=\"style-scope ytd-watch-flexy\">\n<div id=\"info-contents\" class=\"style-scope ytd-watch-flexy\">\n<div id=\"container\" class=\"style-scope ytd-video-primary-info-renderer\">\n<h6 class=\"style-scope ytd-watch-metadata\" style=\"text-align: center;\">K\u00fc\u00e7\u00fck Kaslar Geli\u015fsin \u2026<\/h6>\n<\/div>\n<\/div>\n<\/div>\n<p>[\/vc_column_text][\/vc_column][vc_column width=\u201d1\/2\u2033][vc_video link=\u201dhttps:\/\/youtu.be\/k62m0rv3-lI\u201d][vc_empty_space height=\u201d15\u2033][vc_column_text]<\/p>\n<h6 class=\"style-scope ytd-watch-metadata\" style=\"text-align: center;\">\u0130ngilizce \u00d6nemli \u2026<\/h6>\n<p>[\/vc_column_text][\/vc_column][\/vc_row][vc_row css=\u201d.vc_custom_1567416446157{padding-bottom: 90px !important;}\u201d klb_responsive=\u201d.vc_custom_1567416446158{padding-bottom: 40px !important;}\u201d][vc_column width=\u201d1\/2\u2033][vc_video link=\u201dhttps:\/\/youtu.be\/o6Yyh8Cqg3w\u201d][vc_empty_space height=\u201d15\u2033][vc_column_text]<\/p>\n<div id=\"info\" class=\"style-scope ytd-watch-flexy\">\n<div id=\"info-contents\" class=\"style-scope ytd-watch-flexy\">\n<div id=\"container\" class=\"style-scope ytd-video-primary-info-renderer\">\n<h6 class=\"style-scope ytd-watch-metadata\" style=\"text-align: center;\">Yaz K\u0131\u015f, D\u00f6rt Mevsim Bah\u00e7e Forever \u2026<\/h6>\n<\/div>\n<\/div>\n<\/div>\n<p>[\/vc_column_text][\/vc_column][vc_column width=\u201d1\/2\u2033][vc_video link=\u201dhttps:\/\/youtu.be\/BcLl65A9zGY\u201d][vc_empty_space height=\u201d15\u2033][vc_column_text]<\/p>\n<h6 class=\"style-scope ytd-watch-metadata\" style=\"text-align: center;\">Do\u011fada Olmak Vazge\u00e7ilmezimiz \u2026<\/h6>\n<p>[\/vc_column_text][\/vc_column][\/vc_row][vc_row css=\u201d.vc_custom_1567416446157{padding-bottom: 90px !important;}\u201d klb_responsive=\u201d.vc_custom_1567416446158{padding-bottom: 40px !important;}\u201d][vc_column width=\u201d1\/2\u2033][vc_video link=\u201dhttps:\/\/youtu.be\/KABvLSGwIg8\u2033][vc_empty_space height=\u201d15\u2033][vc_column_text]<\/p>\n<div id=\"info\" class=\"style-scope ytd-watch-flexy\">\n<div id=\"info-contents\" class=\"style-scope ytd-watch-flexy\">\n<div id=\"container\" class=\"style-scope ytd-video-primary-info-renderer\">\n<h6 class=\"style-scope ytd-watch-metadata\" style=\"text-align: center;\">Have Fun \u2026<\/h6>\n<\/div>\n<\/div>\n<\/div>\n<p>[\/vc_column_text][\/vc_column][vc_column width=\u201d1\/2\u2033][vc_video link=\u201dhttps:\/\/youtu.be\/sLnRAY8a9vE\u201d][vc_empty_space height=\u201d15\u2033][vc_column_text]<\/p>\n<div id=\"info\" class=\"style-scope ytd-watch-flexy\">\n<div id=\"info-contents\" class=\"style-scope ytd-watch-flexy\">\n<div id=\"container\" class=\"style-scope ytd-video-primary-info-renderer\">\n<h6 class=\"title style-scope ytd-video-primary-info-renderer\" style=\"text-align: center;\">Colors \u2764\ufe0f\ud83e\udde1\ud83d\udc9a\ud83d\udc9c\ud83d\udc9b\ud83e\udd0e<\/h6>\n<\/div>\n<\/div>\n<\/div>\n<p>[\/vc_column_text][\/vc_column][\/vc_row]<\/p>\n<\/div>","protected":false},"excerpt":{"rendered":"<p>[vc_row full_width=\u201dstretch_row_content_no_spaces\u201d css=\u201d.vc_custom_1568613933439{padding-bottom: 120px !important;}\u201d klb_responsive=\u201d.vc_custom_1568613933440{padding-bottom: 40px !important;}\u201d][vc_column][\/vc_column][\/vc_row][vc_row css=\u201d.vc_custom_1567416446157{padding-bottom: 90px !important;}\u201d klb_responsive=\u201d.vc_custom_1567416446158{padding-bottom: 40px !important;}\u201d][vc_column width=\u201d1\/2\u2033][vc_video link=\u201dhttps:\/\/youtu.be\/3q700EqObkE\u201d][vc_empty_space height=\u201d15\u2033][vc_column_text] Kukla Tiyatrosu Severler Ekibi [\/vc_column_text][\/vc_column][vc_column width=\u201d1\/2\u2033][vc_video link=\u201dhttps:\/\/youtu.be\/CqPqqMdUX-o\u201d][vc_empty_space height=\u201d15\u2033][vc_column_text] I\u0307lkokula Haz\u0131rl\u0131kgiller \u201cSerbest Resim\u201d sergisi [\/vc_column_text][\/vc_column][\/vc_row][vc_row css=\u201d.vc_custom_1567416446157{padding-bottom: 90px !important;}\u201d klb_responsive=\u201d.vc_custom_1567416446158{padding-bottom: 40px !important;}\u201d][vc_column width=\u201d1\/2\u2033][vc_video link=\u201dhttps:\/\/youtu.be\/tENPbhQjzII\u201d][vc_empty_space height=\u201d15\u2033][vc_column_text] Yaz\u0131n Vazge\u00e7ilmezi \u201cKarpuz\u201d Partisi \ud83e\udd17 [\/vc_column_text][\/vc_column][vc_column width=\u201d1\/2\u2033][vc_video link=\u201dhttps:\/\/youtu.be\/QtwveHW18aA\u201d][vc_empty_space height=\u201d15\u2033][vc_column_text] Yaz Okulunun Vazge\u00e7ilmezi \u201cSu Oyunlar\u0131\u201d [\/vc_column_text][\/vc_column][\/vc_row][vc_row<\/p>\n<div class=\"klb-readmore\"><a href=\"https:\/\/www.minikulupcocukevi.com\/web\/team\/\" class=\"btn btn-primary\">READ MORE<\/a><\/div>\n","protected":false},"author":1,"featured_media":0,"parent":0,"menu_order":0,"comment_status":"closed","ping_status":"closed","template":"","meta":{"footnotes":""},"class_list":["post-328","page","type-page","status-publish","hentry","col-lg-12 mb-5"],"_links":{"self":[{"href":"https:\/\/www.minikulupcocukevi.com\/web\/wp-json\/wp\/v2\/pages\/328","targetHints":{"allow":["GET"]}}],"collection":[{"href":"https:\/\/www.minikulupcocukevi.com\/web\/wp-json\/wp\/v2\/pages"}],"about":[{"href":"https:\/\/www.minikulupcocukevi.com\/web\/wp-json\/wp\/v2\/types\/page"}],"author":[{"embeddable":true,"href":"https:\/\/www.minikulupcocukevi.com\/web\/wp-json\/wp\/v2\/users\/1"}],"replies":[{"embeddable":true,"href":"https:\/\/www.minikulupcocukevi.com\/web\/wp-json\/wp\/v2\/comments?post=328"}],"version-history":[{"count":108,"href":"https:\/\/www.minikulupcocukevi.com\/web\/wp-json\/wp\/v2\/pages\/328\/revisions"}],"predecessor-version":[{"id":2286,"href":"https:\/\/www.minikulupcocukevi.com\/web\/wp-json\/wp\/v2\/pages\/328\/revisions\/2286"}],"wp:attachment":[{"href":"https:\/\/www.minikulupcocukevi.com\/web\/wp-json\/wp\/v2\/media?parent=328"}],"curies":[{"name":"wp","href":"https:\/\/api.w.org\/{rel}","templated":true}]}}